 of h?
0
Let j = -951 + 1696. Suppose j = 13*r - 971. What is the units digit of r?
2
Let d = -19 + 7. Let f be (-5)/((-80)/d)*-4. Let g(n) = 6*n + 2. What is the tens digit of g(f)?
2
Suppose i + 64 = -28. Let r be (0 - 1)*(i + 0). Suppose r = 5*z - 38. What is the tens digit of z?
2
Let s = 7795 - 5377. What is the thousands digit of s?
2
Let k(z) = 34*z**2 - 5*z - 27. What is the units digit of k(6)?
7
Suppose 3*l - 6587 = 6*p - 5*p, -6589 = -3*l + 2*p. What is the units digit of l?
5
What is the tens digit of (-10 + 6)/(2 + 376/(-186))?
8
Let y be 18/10 - 6/(-30). Let w be (2/2)/(y/(-4)). What is the tens digit of w + (-3)/(9/(-96))?
3
Let r = -1073 - -1176. What is the hundreds digit of r?
1
Let n be ((-8)/(-24))/((-2)/(-6) + 0). Let o(d) = 214*d**2 - 3*d + 2. What is the hundreds digit of o(n)?
2
Suppose 3*y + 962 = 248. Let g be 1/1*y/(-7). Suppose s - g = 4*j, -3*s + 6*s - 5*j - 95 = 0. What is the tens digit of s?
3
Suppose 40 - 32 = 4*d. Suppose h = -6*l + d*l + 791, -4*l + 4*h + 796 = 0. What is the units digit of l?
8
Let v be (2*-17)/((-12)/(-18)). Let f be 6/(-15) - v/15. Suppose -a = 3, -f*c + 34 = 3*a - 74. What is the units digit of c?
9
Suppose m - 6 = -0*m. Suppose -m = -4*v + 14. Suppose 145 = v*u - 4*h, 48 = 2*u - h - 7. What is the units digit of u?
5
Suppose 0 = 2*l - 3*l. Suppose 52 = 3*n - 80. Suppose 3*i - 12 = l, 0 = 4*p + 5*i + 4 - n. What is the units digit of p?
5
Let s(x) = 157*x + 291. What is the tens digit of s(8)?
4
Let k(j) = 3*j - 38. Let q be k(14). Suppose -52 = -q*s + 12. What is the tens digit of s?
1
Let k = -525 + 1266. What is the tens digit of k?
4
Let c be (-3)/6*(-1 - -1). Suppose 5*q - d + 136 - 513 = c, -5*q + 3*d + 381 = 0. What is the units digit of q?
5
Let a(y) = -187*y + 103. What is the thousands digit of a(-6)?
1
Let s(y) = 4*y**3 - 7*y**2 + y - 48. What is the units digit of s(6)?
0
Let x(l) be the second derivative of l**3/2 + 17*l**2/2 + 13*l. What is the units digit of x(7)?
8
Suppose -190 - 720 = -5*k. Suppose 0 = 2*q - 1 - 1, 4*o - 2*q - k = 0. What is the units digit of o?
6
Let q(o) = 22*o**2 + 46*o + 285. What is the units digit of q(-6)?
1
Suppose 0 = 3*p - 374 - 25. Suppose 2*d = 4*z - 130, 3*z = -z + 5*d + p. What is the units digit of z?
2
Let r be 154/(-4)*12/(-7). Let t = 38 + 1. Let o = r - t. What is the tens digit of o?
2
Let q(t) be the third derivative of t**5/60 + 11*t**4/24 + 7*t**3/6 + 3*t**2. Let w(f) be the first derivative of q(f). What is the tens digit of w(8)?
2
Suppose -3*r - 5*p = -21, p = -2*r + 12 - 5. Suppose -4 = r*m - 0. What is the tens digit of m/3 + (-1075)/(-15)?
7
Suppose 10*h - 9*h = 0. Suppose h = r + 4*r - 5, -4*j + r + 223 = 0. What is the units digit of j?
6
Suppose -3*n + 1690 + 1694 = -j, 0 = -4*n + 3*j + 4507. What is the thousands digit of n?
1
Let u = 2213 - 1244. What is the units digit of u?
9
Let a(v) = -11*v**3 - 3*v**2 - 3. Let i(w) = 100*w**3 + 26*w**2 + 26. Let z(d) = -52*a(d) - 6*i(d). What is the units digit of z(-1)?
8
Let f be ((-40)/6)/((-1)/6). Let s = 18 + f. What is the units digit of s?
8
Let g = -2 - -5. Suppose -g*z = -z - 308. What is the hundreds digit of z?
1
Let i(k) = 176*k**3 - 2*k**2 + 6*k - 1. What is the units digit of i(2)?
1
Let q = -511 + 1296. What is the units digit of q?
5
Let y = -11 - -2. Let i = 11 + y. Suppose 0 = -2*a - i, -36 + 13 = -p - a. What is the tens digit of p?
2
Let g(x) = x**3 + 6*x**2 + 11*x - 8. Let s be g(-4). What is the hundreds digit of (705/20)/((-5)/s)?
1
What is the tens digit of 890/(-4)*(2 + (-264)/60)?
3
Let b(f) = -2 - 20*f + 3 - 2. What is the units digit of b(-1)?
9
Suppose -f + 710 = 4*x - 264, 2905 = 3*f - 5*x. What is the hundreds digit of f?
9
Let q(g) = g**2 + 13*g + 4. Let n = 9 - 14. Let x be q(n). Let l = x - -73. What is the units digit of l?
7
Suppose -d - 2*d + 388 = 2*t, -t + 194 = -d. Suppose t = 3*h - j, j - 2*j = 2*h - 136. What is the units digit of h?
6
Let w = -1352 + 2954. What is the tens digit of w?
0
Let y = -30 + 35. Suppose -i + 0*i + 5*w - 33 = 0, 25 = y*w. What is the tens digit of (i/(-6))/(2/72)?
4
Let j be (3 - (2 - 2))/(54/828). Let z = j + 135. What is the hundreds digit of z?
1
Let u be 2/7*(4 + 3). Let f be 7235/45 - u/(-9). Suppose -b - f = -8*b. What is the units digit of b?
3
Suppose 168 = 3*b - 33. Let s = b + -37. What is the tens digit of s?
3
Let z(f) be the first derivative of f**2/2 + 10*f - 6. Let m be z(-7). Suppose -16 = -m*q + 2*q. What is the tens digit of q?
1
Suppose 2*v + 44 = -v - 5*f, 0 = 3*f + 12. Let n = v + 22. What is the tens digit of n?
1
Let t = 3286 - 2299. What is the hundreds digit of t?
9
Suppose u + u - 40 = -3*t, t - 4*u = 4. Suppose -2*i + t + 40 = 0. Suppose i - 33 = -n. What is the units digit of n?
7
Suppose g + 1 = 2*p, 2*p + 3*g + 5 = -2*g. Let r be (-1 + p + 1)*1. Suppose -c = h - 19, r = 5*h - h. What is the tens digit of c?
1
Let t = 53 - 45. Suppose t*b = 11*b - 3. What is the units digit of b?
1
What is the hundreds digit of ((-3)/((-9)/(-8)))/((-282)/501255)?
7
Suppose s - 15 = -4*s. Suppose -25 = s*q + 2*q. What is the units digit of ((-198)/55)/(1/q)?
8
Suppose -11*u = -3700 - 3560. What is the units digit of u?
0
Suppose 16 = -2*i - 3*s - s, -2*i - 2*s = 6. Let k be 1 + -2 + -5 + i. What is the units digit of ((-24)/15)/(k/70)?
8
Let l(i) = 4*i - 3*i + 6*i**2 - 2*i + 2 - 5*i**2. Let j(q) = q**3 + 2*q**2 + 4. Let o be j(-3). What is the units digit of l(o)?
2
Let c be 5/(-20)*0 - -153. Suppose -2*q + c = 15. What is the tens digit of q?
6
Let t(s) be the first derivative of 2*s**2 + s - 4. Let i be t(-1). Let c = 0 - i. What is the units digit of c?
3
Let f(m) = 15*m + 4. Let q(w) = w**2 - 2*w - 6. Let u be q(4). Suppose t - 2*t = -u. What is the units digit of f(t)?
4
Let r be 11/2 - 4/8. Let a(w) = 34*w + 10. What is the units digit of a(r)?
0
Let l = -21 - -27. What is the units digit of 82*((-15)/(-22) + l/(-33))?
1
Let h(i) be the second derivative of -i**4/12 - 11*i**3/6 + i**2 + i. What is the units digit of h(-6)?
2
Suppose 4*l - 5*l - 1363 = -v, -5*l - 2726 = -2*v. What is the hundreds digit of v?
3
Let z(t) = -t + 12. Let q be z(0). Suppose -2*x = -2*g - 14, -5*x + 3*x + 3*g + q = 0. What is the units digit of x?
9
Let r be (58/(-10) - -1)*-5. Let p be ((-110)/(-15))/((-6)/(-9)). Let a = r - p. What is the units digit of a?
3
Suppose z - 26 = -z. Suppose 3*a + 21 = 4*k - k, 0 = -3*k - a + z. Suppose -4*p + n = 2*n - 93, -3*p + k*n = -64. What is the tens digit of p?
2
Let v be -1*3*(-2 - -1). Let f = v - 0. Suppose f*m - 55 = -4. What is the units digit of m?
7
Let f be ((-24)/(-16))/(3/4). Suppose g + l + 0*l - 56 = 0, 5*g - f*l - 315 = 0. What is the tens digit of g?
6
Suppose -4*l - 25*d + 3270 = -28*d, 0 = 3*l - 3*d - 2454. What is the hundreds digit of l?
8
Suppose 8*t - 5*t = -3*q + 294, -5*t + 476 = -2*q. What is the tens digit of t?
9
What is the tens digit of -216*((-54)/16 - -3)*4?
2
Let o be ((-4392)/4)/(-1) + 4/1. Suppose -2*n - 1058 = -4*r + 40, -4*r - 2*n = -o. What is the units digit of r?
5
Suppose -2*v + 24 = -5*v. Let y be v/(-3) - (-2)/6. Suppose -y*s - s + 4 = 0. What is the units digit of s?
1
Suppose -6 = -n - 4. Let i = 0 + n. What is the units digit of i/4*(30 - 8)?
1
Let n be -6*(-12)/(-16)*-10. Let x(i) = -2*i**2 - 5*i + 1. Let u be x(-5). Let c = u + n. What is the units digit of c?
1
Let v(p) = 1149*p**3 + 2*p**2 - 5*p + 2. What is the hundreds digit of v(1)?
1
Suppose 4*h = -4*n + 1040, -10 = -4*n + 10. Suppose 220 = 3*k + k - 4*a, a = 5*k - h. What is the tens digit of k?
5
Suppose -125 = -47*b + 15197. What is the hundreds digit of b?
3
Let c = 4 - 3. Let u be ((1 - -1) + -2)*c. Suppose u = 2*f + 2, 4*b + b = -4*f + 66. What is the tens digit of b?
1
Let r(k) = -k**3 + k - 55. Let n be r(0). Let l = -3 - n. What is the tens digit of l?
5
Let u(s) = 4*s**2 + 21*s - 50. What is the units digit of u(-30)?
0
Let n be (-11)/((-184)/60 - -3). What is the units digit of n/(-22)*(-56)/10?
2
Let w(x) = -5*x - 5. Let g(l) = l**3 - 8*l**2 + 9*l + 8. Let c be g(6). What is the units digit of w(c)?
5
Let s be (-4 + -4)*(-52)/8. Let c = s - 15. What is the tens digit of c?
3
Suppose -58 = -3*q + 32. What is the units digit of (2 - (-1)/(-3))*q?
0
Let w = -28 + 32. Le